 Let q be u/(-15) + (-56)/(-10). Suppose q*k + 10 = -0. Determine z(k).
6
Let x(o) = -10*o + 1 - 2*o**2 + 17*o + 3 + 3*o**2. Suppose 20 = 5*z - 5*s, -7 - 11 = -5*z + 4*s. Suppose 0 = -a + z*a + 5. What is x(a)?
-6
Let h(y) be the third derivative of -y**6/120 - y**5/10 + y**4/8 + 3*y**3/2 + y**2. Let a be -7 + 42/54 + (-4)/(-18). Give h(a).
-9
Let u = 23 - 16. Let y(o) = u - 1 - 5*o - o**2 - 1. Calculate y(-5).
5
Let c be (-1)/(-3) + (-17)/51. Let q(f) be the second derivative of f**2 + c - 1/12*f**4 - 2/3*f**3 + 4*f. Calculate q(-5).
-3
Let s(y) = y**3 + 5*y**2 - 4*y - 4. Suppose 5*l - 4*j = -17, -3*j - 30 = 4*l + 2*j. What is s(l)?
16
Let u(a) = -a**2 + 6*a - 2. Let o(g) = -g**2 - 4*g + 6. Let h be o(-4). Suppose 3*m + 2*v = 5 + 2, 5*m + v = 0. Let t = h + m. Calculate u(t).
3
Let o(c) = -18*c**2 - 1 - 21*c**2 - 17*c**2 + 62*c**2 - 4*c - c**3. Determine o(5).
4
Let s be 0 - 0 - 1*-2. Let o(r) = 3*r - 3. Let u(a) = 7*a - 7. Let h(g) = s*u(g) - 5*o(g). Suppose -10*f + 11*f = -4. What is h(f)?
5
Let v(o) be the third derivative of 0 + 0*o - 1/6*o**4 + o**2 + 1/2*o**3. What is v(2)?
-5
Let x(m) = m**3 - 5*m**2 + 7. Let s be (2 - 15/6)*1*-10. Determine x(s).
7
Suppose -12 = 3*k + k. Let o(n) = -n + 1. Let i(w) = -6*w + 2. Let m(l) = -i(l) + 5*o(l). Give m(k).
0
Let f(m) = m**3 - m**2 + m + 7. Let h be f(0). Suppose h = -5*a + 47. Let k(d) = 4*d + d**2 - d - a + 7 + 0*d**2. Give k(2).
9
Let j(u) = 2*u**2 - 8*u - 3. Let y be j(5). Let w(s) = s**2 - 6*s - 2. Calculate w(y).
5
Let w(o) = 5*o**3 + 4*o**2. Let r(n) = -14*n**3 - 12*n**2 - n - 1. Let a(g) = 4*r(g) + 11*w(g). Suppose 3*d + 9 = u, -2*u - 3*d + 4*d - 2 = 0. Calculate a(u).
-1
Let n(i) be the third derivative of -i**4/24 - 7*i**3/6 + 7*i**2. Suppose 3*s - 4*s + 3*z + 8 = 0, -30 = -5*s + 5*z. Let v = s - 10. Give n(v).
-2
Let t be 64/34 + (-6)/(-51). Let x(c) be the second derivative of 1/20*c**5 + c + 1/3*c**3 + 1/3*c**4 + 0 - t*c**2. What is x(-3)?
-1
Let h(g) = -2 + 105*g**2 + 5*g - 104*g**2 - 4. What is h(-6)?
0
Let u(o) = o + 3. Let q(p) = -p**3 - 9*p**2 + 11*p + 10. Let b be q(-10). What is u(b)?
3
Let m(z) = -z**2 - 5*z - 1. Let c be (-27)/(-6)*4/(-3). Determine m(c).
-7
Let z = 0 + 3. Let x(u) = 1 - 2 - 2*u + u - 6*u**2 + z*u. Suppose 3*a - h - 2 = 0, 2*a + h = 3*h. Give x(a).
-5
Suppose 1 = -5*r - 3*k + 8, -2*r = 4*k. Suppose r*j + 2 = -2. Let t(b) = -2*b**2 - 8 + 10 + 0*b**2. Calculate t(j).
-6
Let v(n) = -2*n - 2. Let t(y) = -3*y - 3. Let d(f) = -3*t(f) + 4*v(f). Let w be d(0). Let c(q) = -7 - 4*q + 8 + 5*q. What is c(w)?
2
Suppose -2*j = j. Let p(g) = 0 + 3 + g - 2*g**2 - 4 + j. Determine p(1).
-2
Let l(w) be the first derivative of -w**4/4 - 4*w**3/3 + 5*w**2/2 + 4*w + 8. What is l(-4)?
-16
Suppose -13 + 3 = -2*n. Let q(o) be the third derivative of o**4/24 - 4*o**3/3 + o**2. Give q(n).
-3
Let a(t) = -2*t + 4. Let k = 2 - -1. What is a(k)?
-2
Let x(k) = 4*k - k - 2*k + 3 - 5*k. Give x(2).
-5
Let a(u) = -2*u**2 + u**2 + 4*u - 3 + 0*u**2. Let s(z) = 4*z**2 - 15*z + 13. Suppose -4*v - 8 = -0. Let w(m) = v*s(m) - 9*a(m). Give w(4).
-7
Let t = -7 + 10. Let z(n) = 6*n - 16*n + 9*n - n**3 + 4*n + n**2 + 3. What is z(t)?
-6
Suppose -9 = w + 2*j + 2*j, 2*j = -4*w + 6. Let p(y) = y**3 - 3*y**2 + 2*y + 1. Let v be p(2). Let r(d) = -d**2 + v + w*d + 10*d**3 + 2*d - 6*d. Calculate r(1).
9
Suppose 9 = 4*g - 7. Suppose -5*w = -4*z - 17, 2*w = 5*w - 2*z - 11. Let v(b) = -6 + 5 - 5*b**2 + 3*b**2 + 3*b**2 - w*b. What is v(g)?
-5
Let m(g) be the second derivative of g**5/20 + 7*g**4/12 + 4*g**3/3 - 3*g**2/2 - g - 1. What is m(-6)?
-15
Suppose 0*f + f - 5*j + 23 = 0, 28 = 4*f + 4*j. Let x(u) = 2*u**f - 4 - 4*u + 1 + 0 + 5. What is x(3)?
8
Let r(v) = 4*v**2 + 1. Let h = -43 - -31. Let b = 11 + h. What is r(b)?
5
Suppose -2*s = -s. Suppose s = 5*m + 2*f + 14, 8*m - 3*m + 23 = f. Let o(u) = -u**2 - 2*u - 2. Calculate o(m).
-10
Let j be (-3)/(-2 + -1) + -16. Let v be j*(-2)/15*3. Let c(r) = 0*r**2 - r - v*r - r**2 - 4. Calculate c(-5).
6
Let v(h) = 2*h + 2. Suppose 2*l = 4*t - 6, -5*l - 4*t - t + 30 = 0. Suppose x - l*x = -4. Suppose 1 = 3*k + 2*z, 2*k - x = k - z. Give v(k).
-4
Let f be (1 + -2)*(-15)/20*4. Let s(a) = a**3 - 4*a**2 - a + 4. What is s(f)?
-8
Let u = 8 + -14. Let a(o) be the third derivative of -o**4/24 + o**3/2 - 18*o**2. What is a(u)?
9
Let k(o) = 21*o - 22*o + 6 + 5. Determine k(5).
6
Let o(d) be the first derivative of 3*d + 2/3*d**3 - 2 - 2*d**2. Determine o(3).
9
Let r(z) = -z**3 - 6*z**2 - z + 1. Let j be r(-6). Let q(w) = -w - 2. Calculate q(j).
-9
Let h(u) = u - 6. Let q = -109 - -109. Calculate h(q).
-6
Suppose 0 = -7*h + 9*h + 10. Let n(p) = -p**3 - 11*p**2 - 3. Let l(w) = -w**3 - 10*w**2 - w - 2. Let s(c) = 5*l(c) - 4*n(c). Calculate s(h).
2
Let a(v) = -v**3 - 5*v**2 - 2*v - 2. Let y be (-1)/(1*(0 + -1)). Suppose l = -y, 2*q - 7*q + 19 = l. Suppose 4*n = -q - 16. Determine a(n).
8
Let q(h) = -h**3 + 6*h**2 - 6*h. Let s be q(5). Let x(i) = i**2 + 6*i. Let c be x(s). Let l(f) = 3*f - f + 6 + f. Calculate l(c).
-9
Let v(s) be the second derivative of -s**4/12 - 2*s**3/3 + 2*s**2 - s - 9. Calculate v(-5).
-1
Let v(p) = 3*p**2 + p - 6. Let s be v(-3). Let b(a) = -a - 1. Let l be b(0). Let w be l/(-3) - 78/s. Let f(i) = i**3 + 5*i**2 + 6*i + 3. Give f(w).
-5
Suppose -i = 1 - 0, 4*i + 18 = 2*d. Let q(j) = 9 + d*j - j + j**2 + 2*j. Calculate q(-6).
-3
Let i(x) be the first derivative of 1/2*x**2 - x**3 - 1/4*x**4 + 4*x + 1. Let g be i(-3). Let l(j) = 8*j + 1. Determine l(g).
9
Let v(p) be the second derivative of -p**3/6 + p**2/2 - 7*p. Let b be (-1)/(((-1)/(-5))/(-1)). Suppose 0*h + 3*h = -b*a - 19, 4*a + 30 = 5*h. Give v(a).
6
Let o(q) be the first derivative of -q**4/4 - 2*q**3 - 2*q**2 - q - 8. Calculate o(-4).
-17
Let p = 38 - 58. Let u = 13 + p. Let q = u + 5. Let t(z) = -z**3 - 2*z**2 - 3*z. Give t(q).
6
Suppose 0 = -4*v - 6 + 14. Let g(f) = 6 - v + 2*f**2 - f**2 - 2*f - f. Determine g(4).
8
Let x(b) be the first derivative of -b**6/360 - b**5/30 + b**4/12 - b**3 - 3. Let p(i) be the third derivative of x(i). Determine p(-5).
-3
Suppose -t + 0*t = 9. Let d = 11 + t. Suppose d*y - 7*y - 5 = 0. Let q(z) = 5*z**2 - z. Calculate q(y).
6
Let g(p) = 0 + 2 - 3 - p - 2. Let u be g(-9). Let t(x) = x**2 - 6*x - 3. Determine t(u).
-3
Let z = 93 - 87. Let t(b) = -2*b + 8. Give t(z).
-4
Let u(t) = t**3 + 4*t**2 + t. Let z = -7 + 10. Suppose 5*a - 12 = -y - 0, -z*a + 18 = -3*y. Let s be ((-3)/(-2))/(y/6). Calculate u(s).
6
Suppose 15*s - 64 = 31*s. Let o(t) = -t - 1. Let u(q) = -2*q - 2. Let r(b) = -9*o(b) + 4*u(b). Calculate r(s).
-3
Let s(y) = 17*y - 2*y - 7 - 6*y - 6*y. Give s(5).
8
Let k = 26 - 32. Let g(o) be the first derivative of -o**4/4 - 2*o**3 + o**2 + 5*o - 1. Determine g(k).
-7
Let h(d) be the second derivative of -d**4/12 + 7*d**3/6 + d**2/2 - d. Let f(r) = r + 14. Let n be f(-9). Calculate h(n).
11
Let l(z) = -z**2 + 8*z + 11. Let i be l(9). Let n(d) = -d**3 - d**2 + 5*d**3 - 2*d + i*d. Give n(-1).
-5
Let p(b) = -b**2 - 6*b - 1. Suppose -4 = 4*g + 8, -24 = 3*d + 3*g. Let h = 9 + d. Suppose 0 = -4*a - h*s - 12, 8*s = -5*a + 4*s - 16. What is p(a)?
7
Let o(s) be the second derivative of s**7/840 + s**6/180 - s**5/60 + s**4/8 - s**3/6 - s. Let g(h) be the second derivative of o(h). Give g(-3).
0
Let h(u) = 5*u + 3. Let d be -4*(4 + 14/(-4)). Determine h(d).
-7
Suppose 0 = -0*a - a - s + 7, -16 = 2*a - 4*s. Let h(y) = -a + 2*y - 3*y + 2*y + 3. Calculate h(1).
2
Let a(g) = -18*g - 1. Let d be a(-2). Suppose 5*o - d = -5*c, 0 = c - 3*c + 10. Let b(s) = s**3 + 1 + 3*s**2 + 1 - s**o - 3. What is b(-1)?
0
Let d = 0 + -1. Let t(b) = -2*b. Let c be t(d). Let p(r) = -2*r + 1. What is p(c)?
-3
Let n(y) be the second derivative of -y**5/10 + y**4/12 + 3*y. Let a = 5 - 3. Suppose s - a = -3. Determine n(s).
3
Let g(i) be the second derivative of -i**3/3 + 9*i**2/2 + 11*i. Calculate g(7).
-5
Let v(r) = -r - 3. Let n be v(-7). Suppose n*y - 33 = -5*p + 2*y, 5*y = 5*p - 40. Let g(c) = -c + 7. Give g(p).
0
Let j(o) = 20*o. Let v(y) = 13*y. Let q = 12 + -4. Let u(t) = q*v(t) - 5*j(t). What is u(-1)?
-4
Let b(i) = 6*i + 2 - 2 - 4*i + 2. Give b(5).
12
Let p be (2 - -5)*3/7. Let f(b) = -5 + p*b**2 + 1 + 0*b - b + 5. Calculate f(2).
11
Let q be (-6)/(3*4/(-8)). Suppose 4*k - 3*i = 2*i - 47, q*k